 2461847?
6
What is the hundreds digit of 488250?
2
What is the ten thousands digit of 3333429?
3
What is the ten thousands digit of 5850239?
5
What is the hundreds digit of 171299?
2
What is the tens digit of 7246583?
8
What is the thousands digit of 4326044?
6
What is the ten thousands digit of 9743622?
4
What is the thousands digit of 1296979?
6
What is the ten thousands digit of 243053?
4
What is the tens digit of 378328?
2
What is the tens digit of 736262?
6
What is the hundreds digit of 500269?
2
What is the ten thousands digit of 258167?
5
What is the ten thousands digit of 386841?
8
What is the units digit of 153041?
1
What is the units digit of 12294534?
4
What is the units digit of 2758629?
9
What is the millions digit of 5926991?
5
What is the thousands digit of 226794?
6
What is the ten thousands digit of 1406055?
0
What is the units digit of 2845975?
5
What is the hundred thousands digit of 1221861?
2
What is the millions digit of 6597249?
6
What is the hundreds digit of 2817697?
6
What is the hundred thousands digit of 401756?
4
What is the thousands digit of 1539393?
9
What is the hundreds digit of 117017?
0
What is the ten thousands digit of 20247652?
4
What is the units digit of 134210?
0
What is the ten thousands digit of 437299?
3
What is the millions digit of 1079900?
1
What is the thousands digit of 235005?
5
What is the ten thousands digit of 76618?
7
What is the ten thousands digit of 97266?
9
What is the hundred thousands digit of 217993?
2
What is the millions digit of 1396827?
1
What is the hundred thousands digit of 195980?
1
What is the hundred thousands digit of 17095932?
0
What is the thousands digit of 856379?
6
What is the hundred thousands digit of 390639?
3
What is the thousands digit of 12840?
2
What is the hundred thousands digit of 291152?
2
What is the units digit of 1007389?
9
What is the tens digit of 4694046?
4
What is the ten thousands digit of 37742?
3
What is the tens digit of 125888?
8
What is the units digit of 71103?
3
What is the hundreds digit of 245345?
3
What is the thousands digit of 14635622?
5
What is the hundred thousands digit of 11649951?
6
What is the thousands digit of 824160?
4
What is the thousands digit of 6013162?
3
What is the ten millions digit of 15853479?
1
What is the millions digit of 1640228?
1
What is the hundred thousands digit of 17521520?
5
What is the thousands digit of 292836?
2
What is the tens digit of 267315?
1
What is the tens digit of 180241?
4
What is the units digit of 1449372?
2
What is the tens digit of 2093028?
2
What is the thousands digit of 240816?
0
What is the tens digit of 2084929?
2
What is the thousands digit of 8561349?
1
What is the units digit of 11866454?
4
What is the thousands digit of 364543?
4
What is the ten thousands digit of 1836090?
3
What is the units digit of 5049444?
4
What is the tens digit of 193592?
9
What is the units digit of 265797?
7
What is the tens digit of 21231519?
1
What is the tens digit of 68599?
9
What is the hundred thousands digit of 1035279?
0
What is the tens digit of 493556?
5
What is the units digit of 8937639?
9
What is the thousands digit of 11418672?
8
What is the hundreds digit of 27242373?
3
What is the units digit of 237129?
9
What is the thousands digit of 559988?
9
What is the tens digit of 307005?
0
What is the thousands digit of 143612?
3
What is the hundred thousands digit of 6628524?
6
What is the units digit of 1361320?
0
What is the thousands digit of 268862?
8
What is the tens digit of 4231127?
2
What is the units digit of 7629727?
7
What is the thousands digit of 227134?
7
What is the millions digit of 4994382?
4
What is the ten thousands digit of 1265085?
6
What is the tens digit of 55132?
3
What is the hundred thousands digit of 7717357?
7
What is the thousands digit of 7076978?
6
What is the hundred thousands digit of 823569?
8
What is the units digit of 1364602?
2
What is the ten thousands digit of 566853?
6
What is the hundred thousands digit of 1902215?
9
What is the thousands digit of 509842?
9
What is the thousands digit of 245112?
5
What is the hundreds digit of 2193583?
5
What is the tens digit of 6127182?
8
What is the units digit of 5830943?
3
What is the units digit of 11968?
8
What is the thousands digit of 368011?
8
What is the thousands digit of 4442983?
2
What is the tens digit of 4279629?
2
What is the thousands digit of 28891?
8
What is the ten thousands digit of 4882997?
8
What is the hundred thousands digit of 192398?
1
What is the hundred thousands digit of 467032?
4
What is the thousands digit of 14824569?
4
What is the ten thousands digit of 1138087?
3
What is the ten thousands digit of 21921045?
2
What is the tens digit of 2476480?
8
What is the tens digit of 79909?
0
What is the hundreds digit of 1580823?
8
What is the ten millions digit of 11505807?
1
What is the hundreds digit of 26224852?
8
What is the tens digit of 231743?
4
What is the hundreds digit of 10464532?
5
What is the hundreds digit of 304400?
4
What is the units digit of 8989914?
4
What is the ten thousands digit of 1851890?
5
What is the hundreds digit of 688035?
0
What is the units digit of 1509739?
9
What is the ten thousands digit of 1559221?
5
What is the units digit of 459137?
7
What is the hundreds digit of 1033?
0
What is the hundred thousands digit of 379254?
3
What is the hundred thousands digit of 2332963?
3
What is the millions digit of 1982276?
1
What is the hundreds digit of 143485?
4
What is the thousands digit of 2842284?
2
What is the hundred thousands digit of 153561?
1
What is the tens digit of 5484174?
7
What is the millions digit of 14041265?
4
What is the hundred thousands digit of 2000637?
0
What is the units digit of 68972?
2
What is the units digit of 142444?
4
What is the tens digit of 26581?
8
What is the tens digit of 132803?
0
What is the tens digit of 1804167?
6
What is the hundred thousands digit of 390609?
3
What is the tens digit of 292849?
4
What is the hundred thousands digit of 9851807?
8
What is the units digit of 341521?
1
What is the thousands digit of 160225?
0
What is the hundreds digit of 9219824?
8
What is the tens digit of 7495960?
6
What is the hundred thousands digit of 278346?
2
What is the millions digit of 1926921?
1
What is the millions digit of 1569498?
1
What is the tens digit of 20487298?
9
What is the hundreds digit of 1608872?
8
What is the ten millions digit of 22232218?
2
What is the hundred thousands digit of 253879?
2
What is the tens digit of 95044?
4
What is the units digit of 125551?
1
What is the ten thousands digit of 264538?
6
What is the ten thousands digit of 431219?
3
What is the ten millions digit of 10849377?
1
What is the hundred thousands digit of 549017?
5
What is the hundred thousands digit of 19711588?
7
What is the units digit of 4533717?
7
What is the millions digit of 19223875?
9
What is the units digit of 3303685?
5
What is the ten thousands digit of 294655?
9
What is the ten thousands digit of 855113?
5
What is the millions digit of 5447809?
5
What is the hundreds digit of 806624?
6
What is the hundreds digit of 443658?
6
What is the units digit of 996156?
6
What is the tens digit of 1191423?
2
What is the thousands digit of 47909?
7
What is the hundreds digit of 2317285?
2
What is the ten thousands digit of 1794129?
9
What is the tens digit of 237953?
5
What is the tens digit of 373785?
8
What is the hundred thousands digit of 4544969?
5
What is the hundreds digit of 10282949?
9
What is the hundreds digit of 2127261?
2
What is the units digit of 412344?
4
What is the hundred thousands digit of 322445?
3
What is the hundreds digit of 98223?
2
What is the hundreds digit of 3431185?
1
What is the thousands digit of 20385509?
5
What is the hundred thousands digit of 13078031?
0
What is the hundred thousands digit of 147303?
1
What is the ten thousands digit of 6776629?
7
What is the units digit of 496001?
1
What is the units digit of 6954182?
2
What is the thousands digit of 617122?
7
What is the ten millions digit of 12140468?
1
What is the thousands digit of 67565?
7
What is the hundred thousands digit of 10557293?
5
What is the hundred thousands digit of 1017057?
0
What is the hundred thousands digit of 341561?
3
What is the t